. Let w be h/15 + (-21)/9. Let f(m) = m**3 + 4*m**2 + 4*m + 4. Give f(w).
1
Let f(i) = -i**3 + 6*i**2 + 6*i - 8. Let r(o) be the first derivative of o**3/3 + 5*o**2/2 - 41*o - 23. Let x be r(-11). Let j = -18 + x. Give f(j).
-15
Suppose 4*g + 27 = 4*s - 3*s, 3 = g + 3*s. Let y(l) be the third derivative of -4 + 1/3*l**3 + 5/24*l**4 + 1/60*l**5 + 0*l + 5*l**2. What is y(g)?
8
Suppose -90 = 34*v - 37*v. Suppose 6*x - 24 = -v. Let i(o) = o**3 - o**2 - o + 1. Give i(x).
0
Suppose 0 = 4*o - 2*n - 42, -4*o + 7 = -2*n + 7*n. Let g = o + -4. Suppose -5*a = -4*b + 22, -3*b + 3 = 7*a - g*a. Let j(l) = 3*l**2 + 2*l - 1. What is j(a)?
7
Let s(w) be the second derivative of -w**2 + 19*w - 4/3*w**3 - 1/12*w**4 + 1. Let r be -1 - (0 + (1 - -1)). What is s(r)?
13
Let a(v) be the third derivative of -5/3*v**3 + 1/3*v**4 - 22 - 1/60*v**5 + 0*v + 4*v**2. Give a(7).
-3
Let w(v) = 7*v. Suppose -21*c = -3*c - 594. Suppose c = 12*t - 23*t. Give w(t).
-21
Let b(w) = w**3 - 17*w**2 - 23*w + 83. Let j be b(18). Let s(d) = 4*d**3 - 1139*d**2 - 3*d**3 + 1145*d**2 - 7*d - 7. What is s(j)?
-7
Let c(o) = -33370 - 3*o**2 - 72*o - 33425 + 66875. Determine c(-25).
5
Let q(s) = s**2 + 9*s + 12. Let h be q(-8). Let w(n) = -10*n + 37. Determine w(h).
-3
Let b be 6/4*-98*11/(-3). Suppose -3*u = -j + 166, 3*j + 3*u - b = -65. Let g be (2 - j/25) + (-4)/(-10). Let v(l) = l - 1. Determine v(g).
-5
Let r(g) be the second derivative of -7/6*g**3 + 1/12*g**4 + 2 - 7/2*g**2 + 5*g. Calculate r(9).
11
Let j(m) = -4*m**3 - 29*m**2 + 27*m + 2. Let o be j(1). Let s(g) = 4*g**2 + 13*g + 14. Determine s(o).
26
Let s(w) = -4*w. Let r(t) = -t**3 - 13*t**2 - 24*t - 18. Let l be r(-11). Suppose -3*i = -7*i + x + l, -4*i - 2*x = 8. Calculate s(i).
0
Suppose -6 = -0*n + n. Let d(p) = 17*p - 49. Let s(g) = -3*g + 7. Let k(h) = d(h) + 6*s(h). Determine k(n).
-1
Let c(o) be the second derivative of o**4/12 - 19*o**3/6 - 15*o**2/2 + 4*o + 237. Calculate c(20).
5
Let o(x) = -x**3 - 16*x**2 + 19*x + 45. Let s be o(-17). Suppose 2 + s = q. Let k(z) = z**3 - 12*z**2 - 14*z + 13. Give k(q).
0
Let y(p) = 6*p**2 - 3*p - 9. Let u be 3/3 + (-14 - -12). Let x(h) = h**2 - h - 2. Let i(o) = u*y(o) + 4*x(o). What is i(-2)?
-5
Let n(f) = f**3 - 59*f**2 + 440*f - 3953. Let c be n(52). Let k = 3 - -1. Let x(y) = -4 + 6 - 1 + k*y**3 + 2*y. Determine x(c).
-5
Let g(n) = -264*n + 8*n**2 + 578*n - 242*n + 12 + 0*n**2. Give g(-9).
12
Suppose -4*z + 23 + 1 = 0. Let f(j) = 4 - z*j**2 - 3*j + 5*j - 3*j + 5*j**2. Let c(v) = -v**2 + 4*v. Let r be c(4). Calculate f(r).
4
Let y(m) = -4*m**2 + 7*m - 4. Let c(s) = -s**3 + 24*s**2 - 103*s - 88. Let r be c(18). Determine y(r).
-6
Let g(k) = 19*k - 6. Let f = 114 - 108. Let m(c) = 35*c - 11. Let i(o) = f*m(o) - 11*g(o). Determine i(-2).
-2
Let c(t) be the second derivative of t**6/360 - t**4/6 - 3*t**3/2 - 33*t. Let a(o) be the third derivative of c(o). Determine a(-4).
-8
Let w be (-4)/34 + -21 + 13860/476. Let d(h) be the third derivative of h**5/60 - 7*h**4/24 + h**3/3 + h**2. Give d(w).
10
Suppose 2*t + b = 13, -124 = -4*t + 4*b - 104. Let n(y) = y - 13. Calculate n(t).
-7
Let n(m) = 200*m + 819. Let a be n(-4). Let k(q) = -q**2 + 21*q - 21. Determine k(a).
17
Let i(c) = -c**2 - 3*c - 1. Let o(k) = k**3 + 9*k**2 + 6*k - 5. Let q be o(-5). Let v = q + -66. Let p be i(v). Let g(f) = -5*f**3 + f**2. Give g(p).
-4
Let s(i) = -i**2 + 21*i - 85. Let w be s(5). Let h(a) = -13*a - 11. Let v(n) = -20*n - 17. Let u(l) = w*v(l) + 8*h(l). Calculate u(-4).
13
Let t = 4655 - 4660. Let s = -3 - -6. Let b(k) = -2*k - 2 - s + 0. Determine b(t).
5
Let g(o) be the third derivative of o**5/12 + o**4/24 - 2*o**2. Let d be (1 + (-3 - -4) - -3) + -4. Let l be 1*d/(2 + -2 - -1). Give g(l).
6
Let h(b) = b**2 + 16*b + 6. Let o be h(-16). Let i(z) = 12*z + 13*z - 24*z - o. Let v be (-4)/(-12)*(11 + 1). Determine i(v).
-2
Let h(f) = 4 + 2434*f - 35 - 2465*f. Calculate h(-1).
0
Let j(l) = l**3 + 5*l**2 + 7*l + 1. Let v be j(-2). Let m(o) = o**2 - 32*o + 3. Let s(t) = -t**2 + 70*t - 6. Let n(y) = 13*m(y) + 6*s(y). Calculate n(v).
6
Suppose 2*i - 2*h = 0, 5*i = 3*h - 25 + 29. Suppose -x + 4*x - m = 21, -i*x = 2*m - 22. Let o(w) = -w**3 + 9*w**2 - 8*w + 5. What is o(x)?
5
Let p(t) = t**2 + 7*t + 8. Suppose 7 - 18 = -s + 5*z, -35 = 5*s + 5*z. Give p(s).
-4
Let p = -289 - -289. Let w(i) = i**2 - 5*i - 22 + p*i**2 + 23. Calculate w(5).
1
Let a(s) = -6781 + 13563 - 4*s - 6788. Let b = 24 - 26. Determine a(b).
2
Suppose 5*h - 28 - 16 = -2*z, -2*h + 26 = 5*z. Suppose -7*j + h*j = 2. Let b(q) = 28 - 27 + j*q**2 - q**2 - q. Determine b(2).
3
Suppose -4*b + 5*v + 51 = 0, -2*v + 23 = 4*b - 7. Let x(i) = -5*i + 21. Give x(b).
-24
Let c = -30705 - -30700. Let l(s) be the first derivative of s**3/3 + s**2 - 12*s - 3. What is l(c)?
3
Let g(b) = 371*b + 49. Let t(l) = 131*l + 17. Let m(p) = 6*g(p) - 17*t(p). What is m(2)?
3
Let c(l) be the third derivative of 1/120*l**6 + 58*l**2 + 0*l**5 + 0*l - 1/24*l**4 - 1/6*l**3 + 0. What is c(2)?
5
Suppose -5*t = -4*m - 41, -2*t = -7*m + 6*m - 17. Let p(a) be the first derivative of -a**4/4 + 8*a**3/3 + 11*a**2/2 - 7*a + 2. Give p(t).
11
Let l(b) be the second derivative of -b**4/12 + 2*b**3/3 + 6*b**2 + 19*b + 11. What is l(-6)?
-48
Let q(d) be the second derivative of d**4/6 - 4*d**3/3 - 5*d**2 - d + 18. Determine q(5).
0
Suppose -2*d - 72 = -6*d. Let q(k) = 5*k**3 + 22*k**2 - 88*k - 1. Let p(g) = -22*g**3 - 94*g**2 + 385*g + 4. Let t(l) = 8*p(l) + 35*q(l). Determine t(d).
-3
Let z(w) = 9*w**2 + 24*w - 5. Let d(x) = 11*x**2 + 28*x - 6. Let y(f) = -5*d(f) + 6*z(f). Calculate y(4).
0
Suppose 4*u + 60 = -4*o, 378 = 4*u - 3*o + 473. Let w(s) = s**3 + 22*s**2 + 44*s + 91. What is w(u)?
11
Let g(i) = i**2 + 1114*i - 5589. Let x be g(5). Let n(d) be the third derivative of -d**4/24 - d**2. Give n(x).
-6
Let t = -689 - -689. Suppose -6*j + 9*j + 57 = t. Let i(w) = -w**2 - 19*w + 5. Give i(j).
5
Let l(c) = -30*c**2 + 225177*c + 1 - 225175*c + 28*c**2. Let t = 1 - -1. Suppose 2*h - 2 - 4 = 0, -t*v - 4*h + 10 = 0. Determine l(v).
-3
Let n(w) = -2954 + 8832 - 2946 - 2972 + 5*w. Calculate n(16).
40
Suppose -200 = -5*j - 2*x, -4*j - x + 171 = 14. Let d(m) = -j*m - 40*m + m**2 + 75*m. Give d(3).
0
Let c(t) be the first derivative of -t**6/180 - t**5/60 - t**4/12 - 2*t**3/3 + 99. Let g(q) be the third derivative of c(q). Determine g(-1).
-2
Suppose -s + 27 + 21 = 0. Let l = -57 + s. Let h(g) = g**3 + 9*g**2 + 2. Determine h(l).
2
Let z(t) = 153*t + 8 - 156*t + t**2 + 3 - 3. Give z(10).
78
Let g(w) = 19*w - 27. Suppose 0 = -35*u + 42 - 83 - 99. Give g(u).
-103
Let t(y) be the first derivative of -y**3/3 + 5*y**2/2 - 3*y + 1459. Give t(5).
-3
Let c(u) be the second derivative of 3*u**5/20 - u**4/12 + u**3/2 + 2*u**2 - 2*u + 26. What is c(3)?
85
Let l(d) = 6*d - 14. Let n be (-228)/66 - -4 - (-2)/(-44)*276. Give l(n).
-86
Let c(k) = -14*k**2 + 39*k. Let t(r) = -5*r**2 - 2*r + 1. Let l(j) = c(j) - 3*t(j). Calculate l(-45).
-3
Let x(i) = 12 - 2*i**3 + 14*i**2 - 13*i**3 - 4*i**3 + 2*i**3 + 18*i**3 + 19*i. Determine x(-13).
-66
Let d = 36 + -33. Suppose 0 = -2*m + 6*j - j + 19, -d*m = -j - 35. Let y(w) = 14*w - 29*w + 17*w - m. Determine y(8).
4
Let c(y) = -2*y**2 - 39*y - 212. Let w(d) = -13*d - 69. Let l(n) = -2*c(n) + 7*w(n). Give l(6).
7
Let f = -30 - -46. Let v be ((-1)/(-3))/(f/96). Let m(s) = 5*s**3 + s**2 - 6*s + 9. Let i(p) = 3*p**3 + p**2 - 4*p + 6. Let y(g) = 8*i(g) - 5*m(g). Give y(v).
3
Let m = -640 + 629. Let v(o) = 36*o**3 + 27*o**2 - 33*o + 14. Let t(b) = -13*b**3 - 9*b**2 + 11*b - 5. Let i(p) = m*t(p) - 4*v(p). Determine i(-10).
-11
Let o be (36/5)/((-7)/(-35)). Let q = o - 26. Let h(r) = 3*r + 8*r + q*r**3 - 12*r. What is h(-1)?
-9
Let t = 35369 + -35369. Let p(h) = 16*h - 2. Give p(t).
-2
Let d(i) = -3*i + 0*i - 2 + 3*i**3 - 4*i**2 - 6*i**3. Let b be (-1680)/882 - (-30)/(-315). Calculate d(b).
12
Let g(z) = 2*z**3 - 25*z**2 + 18*z - 75. Let w(i) = -3*i**3 + 50*i**2 - 38*i + 146. Let m(v) = 5*g(v) + 3*w(v). Calculate m(-26).
11
Let s = -255 + 257. Let m(z) = -2*z. Let p be m(-1). Let a(v) = -51*v**p + 28*v**2 + 22*v**2 - s + v. Calculate a(0).
-2
Let f = -550 - -638. Suppose -19*k + f = -11*k. Let n(b) = -b**2 + 11*b - 6. Give n(k).
-6
Let f(l) = -517 + 3*l**2 + 176 - 27*l + 19*l - 2*l**